 = 1007*x + 8377. Give o(-8).
321
Let k(o) = o**3 - 16*o**2 - 2969*o + 390. Determine k(-47).
766
Let h(o) = 1575280*o - 6301114. What is h(4)?
6
Let l(j) = -172*j - 8774. What is l(-54)?
514
Let g(m) = -m**2 - 66267*m - 1920919. Determine g(-29).
-17
Let c(b) = -b**2 + 299*b + 615. Determine c(-2).
13
Let i(f) = 25*f**2 + 65*f + 374. Give i(-5).
674
Let t(l) = 301*l + 2596. What is t(-8)?
188
Let h(p) = 54226*p - 34921536. What is h(644)?
8
Let u(m) = 5*m**2 - 141*m + 96. Determine u(18).
-822
Let m(l) = 22*l**2 + 290*l - 1. What is m(-13)?
-53
Let p(o) = -1750*o + 12321. Determine p(7).
71
Let w(r) = -r**3 - 152*r**2 - 767*r - 3911. Calculate w(-147).
793
Let p(c) = 2209*c - 36152. Calculate p(16).
-808
Let q(y) = -y**3 + 754*y**2 + 699*y + 42275. Give q(755).
-5
Let u(m) = m**3 + 33*m**2 + 262*m + 147. What is u(-23)?
-589
Let f(u) = u**2 - 120*u + 1527. Calculate f(107).
136
Let v(k) = -24270*k + 169923. Determine v(7).
33
Let i(z) = -13402*z - 737111. Give i(-55).
-1
Let h(m) = -501*m - 59115. What is h(-118)?
3
Let x(b) = 351*b**2 - 2866*b + 459. Calculate x(8).
-5
Let x(v) = 2*v**3 - 12*v**2 - 725*v + 140. Calculate x(-19).
-4135
Let l(h) = 306*h - 61363. Give l(201).
143
Let z(n) = 244*n + 19958. What is z(-82)?
-50
Let z(a) = -a**2 + 13072*a - 287108. Calculate z(22).
-8
Let m(c) = -552*c + 3220. Give m(6).
-92
Let g(y) = y**3 + 33*y**2 + 229*y - 125. Calculate g(-10).
-115
Let l(d) = 69*d**2 + 24842*d + 710. What is l(-360)?
-10
Let t(p) = 20*p**3 - 17*p**2 - 56*p + 38. Calculate t(-3).
-487
Let z(t) = -4*t**2 + 670*t - 7047. Determine z(11).
-161
Let m(v) = 2336*v + 72. Calculate m(0).
72
Let u(a) = -57*a**2 + 113*a - 746. Calculate u(7).
-2748
Let l(t) = 2*t**2 - 162*t - 1245. Determine l(-7).
-13
Let d(h) = -h**2 - 325*h - 6100. Give d(-20).
0
Let u(r) = 3*r**3 + 23*r**2 - 412*r + 305. Determine u(8).
17
Let g(l) = -211*l + 694. Give g(9).
-1205
Let b(a) = 53*a**2 - 1030*a + 420. Give b(19).
-17
Let x(m) = m**2 - 78*m - 1632. Determine x(97).
211
Let m(r) = -2*r**2 + 15543*r - 77690. Determine m(5).
-25
Let s(l) = l**3 + 248*l**2 + 7817*l + 374. Calculate s(-37).
4
Let z(u) = -7*u**2 + 51*u - 2. Calculate z(0).
-2
Let m(k) = 228411*k - 228410. What is m(1)?
1
Let m(n) = 9450*n - 47276. Determine m(5).
-26
Let f(o) = -12*o**2 - 620*o - 1472. What is f(-49)?
96
Let d(c) = -20*c - 9560. What is d(-483)?
100
Let n(c) = -141*c**3 + 2*c**2 - c - 4. What is n(-2)?
1134
Let a(i) = -3*i**2 + 317*i - 1137. What is a(105)?
-927
Let h(a) = -3748*a + 78714. What is h(21)?
6
Let v(q) = -q**3 - 66*q**2 - 131*q + 13851. Give v(-60).
111
Let j(p) = 2*p**3 - 1235*p**2 + 45658*p + 2317. What is j(578)?
5
Let u(p) = p**3 - 214*p**2 + 177*p - 37849. Determine u(214).
29
Let i(x) = -12*x**2 - 287*x + 961. Determine i(3).
-8
Let f(l) = -l**3 - 29*l**2 - 617*l - 15013. Calculate f(-27).
188
Let t(j) = 36*j**3 - 7526*j**2 + 421*j - 641. Give t(209).
-14
Let n(k) = -k**3 - 1201*k**2 - 17868*k + 80. What is n(-15)?
1250
Let f(i) = 95*i - 16355. Give f(171).
-110
Let b(d) = 3*d**3 - 67*d**2 + 394*d - 8138. What is b(22)?
46
Let q(f) = 100071*f - 5303765. Determine q(53).
-2
Let u(n) = -2*n**3 + 118*n**2 - 1074*n + 910. What is u(48)?
46
Let h(t) = t**3 + 20*t**2 + 34*t - 165. Calculate h(-20).
-845
Let y(f) = -1188*f - 13218. What is y(-11)?
-150
Let d(t) = -59*t**3 - 3312*t**2 + 6379*t - 59. Give d(-58).
-1
Let l(f) = 49*f**3 + 342*f**2 + 10*f + 128. What is l(-7)?
9
Let h(v) = -v**3 + 64*v**2 - 140*v - 2723. Determine h(61).
-100
Let m(x) = -9*x**2 + 898*x + 4443. Determine m(104).
491
Let a(q) = 26248*q - 52584. Calculate a(2).
-88
Let i(g) = 2*g**2 - 4583*g - 106316. Give i(-23).
151
Let g(y) = y**2 - 464*y - 115084. Calculate g(-179).
13
Let x(v) = -931*v - 1016. Calculate x(-1).
-85
Let x(j) = -13718*j - 1577569. What is x(-115)?
1
Let z(u) = 10*u**2 - 2078*u + 176. What is z(207)?
-1480
Let y(v) = -40*v**3 + 104*v**2 + 194*v - 31. What is y(-2)?
317
Let u(c) = 111*c**2 + 613*c + 271. What is u(-5)?
-19
Let x(h) = -2*h**3 + 2*h**2 + 87*h - 196. Calculate x(8).
-396
Let x(d) = 8*d**3 - 568*d**2 - 55*d + 3900. Calculate x(71).
-5
Let m(o) = -o**3 + 28*o**2 - 65*o + 77. Calculate m(26).
-261
Let x(p) = -3*p**3 - 690*p**2 - 2700*p + 92. What is x(-4)?
44
Let n(o) = 2*o**3 + 915*o**2 + 20397*o - 396. Calculate n(-434).
38
Let i(r) = -r**3 + 39*r**2 - 179*r + 252. Calculate i(33).
879
Let j(h) = h**2 + 5272*h + 141597. Determine j(-27).
-18
Let m(i) = -2154*i + 100932. Determine m(47).
-306
Let w(h) = 2*h**2 + 348*h - 12810. Give w(34).
1334
Let l(w) = -16380*w + 98302. Give l(6).
22
Let k(b) = 517*b + 56479. Determine k(-109).
126
Let k(l) = 62226*l + 124398. What is k(-2)?
-54
Let j(n) = 158923*n + 1907071. What is j(-12)?
-5
Let j(c) = -405*c + 134070. Determine j(331).
15
Let j(m) = -3*m**2 + 129*m - 2147. Calculate j(13).
-977
Let b(p) = 62*p**2 + 1136*p + 3249. Give b(-15).
159
Let z(b) = b**2 + 313*b + 12919. What is z(-52)?
-653
Let y(w) = 6*w**3 - 8*w**2 - 171*w + 2. Calculate y(-4).
174
Let s(g) = -g**2 + 2065*g + 6208. Give s(-3).
4
Let x(a) = -842*a**2 + 11817*a + 101. Determine x(14).
507
Let u(d) = -8*d**3 - 80*d**2 + 1605*d + 79. Calculate u(-20).
-21
Let d(a) = 2*a**3 - 2*a**2 - 93*a + 114. What is d(11)?
1511
Let r(w) = w**3 + 24*w**2 + 720*w + 13391. Determine r(-20).
591
Let a(o) = -75*o**2 + 4*o + 413. Give a(0).
413
Let i(l) = -18*l**2 - 1677*l - 1402. Determine i(-92).
530
Let f(l) = -5*l**3 - 483*l**2 + 701*l + 1069. Give f(-98).
-401
Let x(i) = i**2 + 24278*i + 1042177. Determine x(-43).
72
Let v(k) = 6814*k + 776993. What is v(-114)?
197
Let s(b) = -10*b**3 - 126*b**2 - 2435*b - 32343. What is s(-13)?
-12
Let h(j) = 9988*j - 329596. Calculate h(33).
8
Let k(o) = -653*o + 36259. Determine k(55).
344
Let z(h) = -2*h**3 + 358*h**2 - 3690*h - 989. What is z(168)?
19
Let f(c) = 2*c**2 - 2781*c + 724188. Calculate f(347).
-1
Let s(o) = o**2 - 131764*o - 5008476. Determine s(-38).
0
Let z(j) = 53820*j - 1506953. Give z(28).
7
Let x(h) = h**3 + 7*h**2 + 235*h - 3535. Calculate x(13).
2900
Let h(m) = -3*m**2 - 3413*m - 10222. Determine h(-3).
-10
Let f(y) = y**3 - 39*y**2 + 4140*y - 167182. What is f(40)?
18
Let h(o) = -44*o**2 + 837*o + 11. Calculate h(19).
30
Let a(j) = 62*j**2 - 256*j + 229. What is a(3)?
19
Let m(w) = 46*w**3 + 15*w**2 - 3*w + 16. What is m(0)?
16
Let d(a) = 5*a**3 + 99*a**2 + a + 412. Give d(-20).
-8
Let s(b) = -44487*b + 88956. Determine s(2).
-18
Let i(m) = m**3 - 73*m**2 - 1501*m + 6814. Calculate i(89).
-39
Let c(v) = -74*v**2 - 314*v + 666. Determine c(-6).
-114
Let n(y) = -1897*y + 631700. Give n(333).
-1
Let i(x) = -36486*x - 109453. Give i(-3).
5
Let q(w) = 346*w - 1448. What is q(4)?
-64
Let m(n) = -8*n**2 + 53*n + 349. Give m(-4).
9
Let x(w) = 18404*w + 366763. Calculate x(-20).
-1317
Let h(k) = -k**3 + 470*k**2 - 32720*k - 403. Determine h(85).
22
Let j(r) = -14*r**2 - 27*r + 437. Give j(-12).
-1255
Let w(r) = -32*r**2 - 2583*r - 5161. Determine w(-2).
-123
Let x(c) = -7*c**3 - 65*c**2 - 32*c - 210. Give x(-9).
-84
Let f(t) = -6*t**3 - 10*t**2 - 57*t + 237. What is f(5)?
-1048
Let v(w) = -w**2 - 154*w + 3155. What is v(20)?
-325
Let z(b) = 861*b**2 + 4195*b - 549. What is z(-5)?
1
Let a(k) = -3*k**2 - 666*k + 4715. Give a(7).
-94
Let o(c) = -7193*c + 43205. What is o(6)?
47
Let w(i) = -3*i**3 - 65*i**2 + 1528*i - 622. Determine w(-36).
98
Let h(u) = -2*u**2 - 169*u - 559. Give h(-78).
455
Let n(k) = 25*k**3 - 6*k**2 + 10*k - 10. Give n(1).
19
Let r(w) = -47225*w - 188907. Give r(-4).
-7
Let i(p) = 983747*p - 983749. Calculate i(1).
-2
Let y(c) = -183*c**2 - 76*c - 199. Determine y(-3).
-1618
Let j(l) = -l**3 + 3*l**2 - 94*l + 4087. Determine j(15).
-23
Let s(w) = w**2 - 5640*w + 1480441. Calculate s(276).
-23
Let j(p) = p**2 - 752*p + 13854. Determine j(19).
-73
Let k(z) = -7921*z - 689113. Give k(-87).
14
Let q(n) = 1186*n - 284678. Determine q(240).
-38
Let r(l) = 59*l + 316. What is r(-19)?
-805
Let z(r) = r**3 + 307*r**2 - 3516*r - 32. Give z(11).
-230
Let r(i) = 5*i**3 - 26*i**2 - 5*i + 47. Calculate r(4).
-69
Let g(y) = -107*y - 2619. Calculate g(-25).
56
Let o(f) = -311*f + 16110. Calculate o(35).
5225
Let x(i) = i**3 - 7*i**2 - i + 71. What is x(15)?
1856
Let h(n) = 21363*n + 42725. Determine h(-2